 9*a = -33. What is the greatest common divisor of 33 and a?
11
Let r = 9 + 3. What is the greatest common factor of 96 and r?
12
Suppose -d - 5*w + 271 = 3*d, -w = -3. Let r = d + -34. Let z(u) = -u**2 + u + 12. Let v be z(0). Calculate the greatest common divisor of r and v.
6
Let v(z) = z**3 + 4*z**2 - z + 4. Let b be v(-4). Let u be (b/5)/((-2)/(-15)). Suppose u = 4*l - l. Calculate the greatest common factor of l and 4.
4
Let j = -93 + -36. Let k = j + 335. Suppose -4*a = 8, b + 2*a - k = -4*b. Calculate the greatest common divisor of b and 28.
14
Suppose 0 = -2*s + 7*s - 15. What is the greatest common factor of s and 27?
3
Let x(s) = 2*s**3 - 2*s**2 - s - 2. Let i be x(2). Suppose -2*r + 10 = 2*q, -15 = -r - r - q. Calculate the greatest common divisor of r and i.
2
Let x = 16 - 9. Let f = -1 + 7. Let l(r) = r**2 - 5*r + 1. Let m be l(f). What is the highest common factor of x and m?
7
Let w be -3*5*(-6)/3. Let v = w + -9. Calculate the greatest common divisor of 21 and v.
21
Let z = 5 - 2. Let i = z + -3. Suppose -4*u + 2*u + 22 = i. Calculate the greatest common factor of u and 11.
11
Let b be (0 + 3)*5 - 2. Let q be 6/15 + b/5. Calculate the highest common divisor of q and 3.
3
Let k = -50 + 109. Let d = k - 19. Suppose 0 = -l - 0*l - 3*n + 5, 5*l + 3*n = 37. What is the highest common divisor of d and l?
8
Let a be (-1)/(618/(-308) - -2). Let h be a/12 - (-1)/6. What is the highest common divisor of 13 and h?
13
Let v(f) = 11*f**2 + 3*f - 2. Let i be v(2). Let t = 13 - -22. Suppose -d - 2*d = y - 27, -5*d = -5*y + t. Calculate the greatest common factor of y and i.
12
Suppose -5*u - 104 = -779. Suppose 3*c = -51 + u. Calculate the highest common divisor of 42 and c.
14
Suppose 0 = -2*m + 4*m - 10. Let b = 47 + -46. Calculate the highest common factor of b and m.
1
Suppose -7 - 1 = 4*y, -t = 5*y + 8. Let a = 9 + t. Calculate the highest common factor of a and 88.
11
Let q(d) = -31*d**3 - 2*d - 1. Let l be q(-1). Suppose 2*g - 4*g + 3*w = -35, -g + 13 = 3*w. What is the highest common divisor of l and g?
16
Let b = -121 - -301. Calculate the greatest common factor of 45 and b.
45
Let k be (-645)/(-6) + ((-15)/6 - -3). What is the greatest common factor of 12 and k?
12
Let y(i) = i**3 + 11*i**2 - 19. Let h be y(-9). Calculate the greatest common divisor of 13 and h.
13
Let z = 2 - -1. Suppose -z*t = t - 56. Suppose f + 2*k = 6, 0 = 6*f - 2*f + 3*k - t. Calculate the greatest common divisor of f and 2.
2
Let t = 20 + 76. Suppose 6*d - 48 = 2*d. Calculate the highest common divisor of d and t.
12
Suppose 0 = 3*k - 0*w + 5*w - 221, k = w + 71. Let t be (-2 - -1*49) + 1. Calculate the greatest common factor of t and k.
24
Let l(f) = -2*f - 2. Let u be l(-7). What is the greatest common factor of 3 and u?
3
Let n(x) = x**2 + 2. Let a be n(0). Suppose a*m - 1 = 5. Let w = -29 + 50. Calculate the highest common divisor of w and m.
3
Let p = -5 - -9. Suppose -2*t + 82 = p*o, -o + 11 = t - 10. What is the greatest common divisor of 30 and o?
10
Suppose 0 = x - 160 + 66. Let z = 50 + -16. Suppose x = 4*n + z. What is the greatest common divisor of n and 75?
15
Let b = -546 + 778. Calculate the highest common divisor of 29 and b.
29
Let a be ((-3)/(-21)*6)/(2/42). What is the greatest common divisor of a and 9?
9
Suppose -p = -f - 7, -f + 7 + 1 = 2*p. What is the highest common factor of 55 and p?
5
Let b = -77 + 110. What is the greatest common divisor of b and 3?
3
Let a(x) = x + 6. Let m be a(3). What is the highest common divisor of m and 9?
9
Suppose -13*o = -8*o - 270. What is the highest common factor of o and 36?
18
Let z(b) = b**3 - 13*b**2 + 15*b - 42. Let h be z(13). Calculate the highest common divisor of h and 9.
9
Let f(w) = -2*w - 6. Let a be f(-5). Suppose 0*l - 38 = -a*l - t, -2*t = -4*l + 44. Let v be 80 + -2 + 2/1. Calculate the greatest common divisor of v and l.
10
Let a(s) = 14*s**2 + s - 1. Let w be a(1). Let o = w + -8. What is the highest common factor of 6 and o?
6
Let t be ((-10)/(-30))/((-1)/(-9)). Let p be -2*t*(-6)/4. Calculate the highest common divisor of p and 36.
9
Suppose 166 = 3*q - 4*d, q - 4*d = -3*q + 216. Suppose q = 2*s + 3*s. Let m be ((-7)/14)/((-1)/40). What is the greatest common factor of s and m?
10
Let h = -22 - -36. Calculate the greatest common divisor of h and 7.
7
Let s(m) = -m**2 + 9*m - 6. Let w be s(8). Let p be (1 - w - -1)/(-1). Suppose p = -c - 16 + 70. What is the highest common factor of 18 and c?
18
Let h be -3 - (2 - (-6 + 39)). Calculate the greatest common factor of 224 and h.
28
Suppose -3*r - 286 = -2*g, -r = -5*g + 2*g + 93. Let w = r + 140. Calculate the highest common factor of 11 and w.
11
Suppose -s = 3*d - 13 - 0, 2 = d - 2*s. Suppose 2*w - 22 = w - d*o, 6 = -w + 3*o. What is the highest common divisor of w and 6?
6
Let m(q) = q**3 + 3*q + 4. Let a be m(4). Let i be a/15 - (-2)/(-6). Suppose -z + i = -r, -2*r - 11 = z - 4*z. What is the greatest common divisor of z and 4?
1
Suppose 1 - 13 = -4*q. Suppose -2*s + q*s - 112 = 0. Calculate the highest common divisor of s and 14.
14
Suppose 109 = 5*g - 1. Calculate the highest common factor of g and 55.
11
Let f = 3 - 4. Let g be f + (-26 - -1) - -3. Let b be g/(-5) + (-2)/(-5). Calculate the highest common divisor of 40 and b.
5
Let n be 30/9 - 8/(-12). Suppose -6 = n*k - 90. What is the greatest common divisor of k and 231?
21
Suppose -2*f + 5*t = 0, 0 = 2*f + 3*t - 5*t - 12. Calculate the greatest common factor of 50 and f.
10
Let j = 18 + -12. Calculate the highest common divisor of j and 48.
6
Let g be 2/((-32)/2) + 2485/40. What is the greatest common divisor of g and 31?
31
Suppose -2*j + 3*j = -2*s + 37, -3*j = 3*s - 48. Let d(m) = 11*m - 1. Let v be d(2). Calculate the highest common factor of s and v.
21
Let q = -170 - -247. Suppose 25 = 3*n + 5*c, 2*n + 2*c - 14 - 4 = 0. Let j = n - 3. Calculate the highest common divisor of q and j.
7
Let a(u) = 143*u**2 + u. Let s be a(1). What is the highest common factor of 18 and s?
18
Let h = 114 - 105. Calculate the greatest common divisor of h and 144.
9
Suppose 5*y + 38 = -4*m, 2*m - 2*y - 11 = 3*m. Let f = 25 + m. What is the greatest common factor of f and 126?
18
Let r be 621/(-46)*64/(-6). Calculate the highest common factor of 9 and r.
9
Let b(n) = 2*n**3 + 9*n**2 - 7*n + 4. Let m be b(-5). Calculate the highest common factor of 56 and m.
14
Let m(t) = 15*t + 5. Let y be m(7). Calculate the highest common divisor of 22 and y.
22
Let z be (3 + -2)/(1/3). Let c(h) = 0*h - 3 + h - z*h. Let b be c(-5). What is the greatest common factor of b and 21?
7
Let i = -194 - -222. What is the greatest common divisor of 70 and i?
14
Suppose 6*n - 63 = 81. Calculate the highest common divisor of 6 and n.
6
Let d = -37 - -41. What is the greatest common factor of 20 and d?
4
Let k(l) = -l**3 - 7*l**2 + 4*l. Let u be k(-11). What is the highest common divisor of 40 and u?
40
Let j(l) = 7*l + 2. Suppose -2*u + 2 = -2. Let f be j(u). Suppose -576 = -3*g - g. Calculate the greatest common factor of f and g.
16
Suppose 5*v = -12 + 42. Let k = 30 - v. Calculate the highest common divisor of 16 and k.
8
Suppose 36 = 4*j - j. Suppose j = 4*c - 3*r - 4, 0 = -5*r. Let d = 5 + -1. Calculate the greatest common divisor of c and d.
4
Let b = 43 + -29. What is the highest common divisor of b and 56?
14
Suppose -15*p = -17*p + 72. Suppose 0 = 2*f + 3*f - 60. Calculate the highest common factor of p and f.
12
Suppose 3*u - 17 = 31. Let n(o) = 5*o**3 + 6*o**2 - 4. Let f be n(-6). Let z be (-12)/18 - f/6. What is the highest common divisor of z and u?
16
Let j be (2/(-2) - 4)*-26. Suppose -5*c + 0*m + j = 2*m, -4*m - 78 = -3*c. Calculate the highest common factor of 13 and c.
13
Suppose -5*c = 3*x - 5*x - 4, 0 = -c - 4*x - 8. Suppose -3*f - 4 + 43 = c. Let u be (-24 - 2)*1/(-2). What is the greatest common divisor of u and f?
13
Let r = -17 - -19. Suppose r*j + 70 = 7*j. What is the highest common divisor of 126 and j?
14
Let c = 5 - 0. Let p = -95 + 145. Suppose 0 = -3*l + l + p. Calculate the greatest common factor of l and c.
5
Let h be (-112)/(-14)*22/8. Calculate the greatest common factor of 33 and h.
11
Suppose 0 = -2*l, 0*w = -5*w - 4*l + 30. Calculate the highest common divisor of w and 96.
6